prime number?
False
Is 292291 a composite number?
True
Is 6302303 prime?
False
Is 450617 prime?
True
Is 4559 a prime number?
False
Is 177043 composite?
False
Is 1115 a composite number?
True
Is 2084171 a prime number?
False
Is 108791 a prime number?
True
Is 21287 prime?
False
Is 308663 a prime number?
True
Is 6547 composite?
False
Is 118453 composite?
False
Is 1968331 a prime number?
True
Is 1099 composite?
True
Is 643583 prime?
True
Is 128302 composite?
True
Is 5107 a prime number?
True
Is 20395 a prime number?
False
Is 65787 composite?
True
Is 6559 prime?
False
Is 38737 a prime number?
True
Is 141569 a composite number?
True
Is 40163 prime?
True
Is 2447 composite?
False
Is 28151 composite?
False
Is 51445 a prime number?
False
Is 45001 a prime number?
False
Is 430579 a composite number?
False
Is 2479 a composite number?
True
Is 97307 a composite number?
True
Is 10267 a composite number?
False
Is 5623 composite?
False
Is 67243 prime?
False
Is 1657 composite?
False
Is 1909039 a composite number?
True
Is 5737 composite?
False
Is 141745 a prime number?
False
Is 940721 a composite number?
False
Is 223 composite?
False
Is 127383 composite?
True
Is 3299 prime?
True
Is 254249 composite?
False
Is 13885 a composite number?
True
Is 266173 prime?
False
Is 29615 a prime number?
False
Is 86627 a composite number?
False
Is 37931 a prime number?
False
Is 107687 a composite number?
False
Is 1888697 a composite number?
True
Is 58361 prime?
False
Is 667393 composite?
True
Is 403649 a composite number?
False
Is 13163 composite?
False
Is 20249 prime?
True
Is 634013 a composite number?
False
Is 10007 prime?
True
Is 1895 a composite number?
True
Is 22999 composite?
True
Is 36591 a prime number?
False
Is 2677405 a composite number?
True
Is 19731 composite?
True
Is 8663 a prime number?
True
Is 59317 prime?
False
Is 50837 prime?
False
Is 29345 prime?
False
Is 518297 prime?
False
Is 135701 prime?
True
Is 6823 a prime number?
True
Is 854257 a composite number?
False
Is 13781 a prime number?
True
Is 1533557 prime?
True
Is 1895 prime?
False
Is 20317 prime?
False
Is 28429 prime?
True
Is 17267 a prime number?
False
Is 1062779 a composite number?
False
Is 82034 a composite number?
True
Is 1727 a composite number?
True
Is 14709 prime?
False
Is 36349 composite?
True
Is 27533 a prime number?
False
Is 8473 a prime number?
False
Is 9733 composite?
False
Is 380041 composite?
False
Is 39419 a composite number?
False
Is 77753 prime?
False
Is 57169 a composite number?
True
Is 1190069 a prime number?
True
Is 10831 prime?
True
Is 31633 a prime number?
False
Is 90877 prime?
False
Is 38513 composite?
True
Is 52743 a composite number?
True
Is 1777 prime?
True
Is 104827 a composite number?
False
Is 760453 a composite number?
False
Is 1757 a composite number?
True
Is 95867 a prime number?
False
Is 28999 composite?
True
Is 86401 composite?
True
Is 245561 prime?
True
Is 78949 a composite number?
True
Is 1163 composite?
False
Is 1411 a composite number?
True
Is 125206 composite?
True
Is 208469 a composite number?
False
Is 289457 a prime number?
False
Is 2371 composite?
False
Is 10522 composite?
True
Is 195271 prime?
True
Is 409495 a composite number?
True
Is 263677 composite?
False
Is 39335 a composite number?
True
Is 17903 a composite number?
False
Is 13841 a composite number?
False
Is 268571 a composite number?
True
Is 8063 a prime number?
False
Is 53077 prime?
True
Is 26029 a prime number?
True
Is 73009 composite?
False
Is 429659 composite?
False
Is 3967 composite?
False
Is 16726 composite?
True
Is 2701 prime?
False
Is 245942 prime?
False
Is 357179 composite?
False
Is 1533083 prime?
True
Is 50707 a prime number?
True
Is 4123307 a prime number?
False
Is 260111 composite?
False
Is 1201853 composite?
False
Is 14281 prime?
True
Is 5331 a composite number?
True
Is 138727 composite?
False
Is 94991 prime?
False
Is 250229 a prime number?
False
Is 82163 a prime number?
True
Is 106307 prime?
True
Is 33766 a composite number?
True
Is 2607905 a prime number?
False
Is 26027 prime?
False
Is 17377 composite?
False
Is 7465 a composite number?
True
Is 8543 a composite number?
False
Is 511033 composite?
False
Is 327533 composite?
True
Is 43867 a prime number?
True
Is 1207 composite?
True
Is 673391 a composite number?
False
Is 15937 prime?
True
Is 5749 a prime number?
True
Is 22691 composite?
False
Is 19547 a composite number?
True
Is 27381 prime?
False
Is 18677 composite?
True
Is 13931 prime?
True
Is 38495 prime?
False
Is 299 a composite number?
True
Is 251567 a prime number?
True
Is 8171 prime?
True
Is 319871 composite?
True
Is 12718 prime?
False
Is 9631 a prime number?
True
Is 81611 composite?
False
Is 2592869 a composite number?
False
Is 32735 prime?
False
Is 71771 a composite number?
True
Is 29579 prime?
False
Is 73301 prime?
False
Is 17177 composite?
True
Is 21271 a prime number?
False
Is 25387 composite?
True
Is 9173 a prime number?
True
Is 4259 a composite number?
False
Is 161717 composite?
False
Is 179483 a prime number?
True
Is 694 prime?
False
Is 2509 a prime number?
False
Is 453337 a prime number?
False
Is 454237 a prime number?
False
Is 3006551 a prime number?
True
Is 7559 a prime number?
True
Is 110879 composite?
False
Is 249043 composite?
True
Is 20593 composite?
False
Is 58789 composite?
False
Is 25763 prime?
True
Is 211 a composite number?
False
Is 22709 a prime number?
True
Is 8743 composite?
True
Is 75155 a composite number?
True
Is 8491 prime?
False
Is 95 prime?
False
Is 5131 a prime number?
False
Is 234137 a composite number?
True
Is 103847 a composite number?
True
Is 915659 prime?
True
Is 1829 composite?
True
Is 291143 prime?
True
Is 427043 a composite number?
False
Is 2453 prime?
False
Is 1630003 prime?
False
Is 57251 composite?
False
Is 272185 a composite number?
True
Is 301871 prime?
False
Is 133426 a composite number?
True
Is 8711 composite?
True
Is 2437 a prime number?
True
Is 302399 a prime number?
True
Is 422119 composite?
True
Is 243843 composite?
True
Is 14621 composite?
False
Is 216011 a composite number?
True
Is 452431 composite?
True
Is 3831 a prime number?
False
Is 14779 composite?
False
Is 91367 a prime number?
True
Is 12297 prime?
False
Is 1924129 composite?
False
Is 4727 a prime number?
False
Is 3049 a prime number?
True
Is 555371 prime?
False
Is 576461 a prime number?
True
Is 15511 prime?
True
Is 4414877 prime?
False
Is 934049 a composite number?
False
Is 1010957 a prime number?
True
Is 70607 a prime number?
True
Is 254161 composite?
False
Is 174347 a composite number?
False
Is 63005 a prime number?
False
Is 10594 prime?
False
Is 400903 a composite number?
False
Is 42157 a prime number?
True
Is 21647 prime?
True
Is 1655 composite?
True
Is 470021 a prime number?
True
Is 149467 composite?
True
Is 425939 a composite number?
False
Is 15109 a composite number?
True
Is 51229 a prime number?
True
Is 10651 a composite number?
False
Is 151471 a prime number?
True
Is 899849 a composite number?
False
Is 6049 prime?
False
Is 537653 composite?
True
Is 176017 prime?
True
Is 261323 a prime number?
True
Is 556653 a prime number?
False
Is 9719 a composite number?
False
Is 67879 a prime number?
False
Is 8623 a prime number?
True
Is 12281 a composite number?
False
Is 1274437 composite?
False
Is 376549 a prime number?
False
Is 17903 prime?
True
Is 103511 a composite number?
False
Is 56941 prime?
True
Is 392569 a composite number?
False
Is 1151 a composite number?
False
Is 25867 a prime number?
True
Is 58013 a composite number?
False
Is 24329 prime?
True
Is 188153 composite?
True
Is 516709 composite?
False
Is 47597 composite?
True
Is 5639 a composite number?
False
Is 20869 a prime number?
False
Is 82393 prime?
True
Is 19181 composite?
False
Is 1464863 composite?
False
Is 1163 a composite number?
False
Is 1224013 composite?
True
Is 33707 a prime number?
False
Is 7633 composite?
True
Is 105871 prime?
True
Is 1040051 composite?
False
Is 377167 composite?
True
Is 5458 prime?
False
Is 59009 a composite number?
False
Is 135319 a composite number?
False
Is 6547 composite?
False
Is 1339 prime?
False
Is 74747 a composite number?
False
Is 27119 a composite number?
True
Is 14359 prime?
False
Is 45383 composite?
True
Is 35429 prime?
False
Is 47189 composite?
False
Is 613861 prime?
True
Is 64957 com